ert -1212352114 (base 6) to base 5.
-12020343322
What is -1b8573c (base 13) in base 5?
-4320323424
Convert 300641312 (base 7) to base 8.
102312644
What is -349693 (base 10) in base 12?
-14a451
What is 215611c (base 13) in base 5?
10101243332
Convert -3241571 (base 9) to base 16.
-1a8c57
What is 4641235 (base 7) in base 11?
367995
What is 2625213 (base 8) in base 7?
6135330
What is 20002020201 (base 3) in base 13?
42667
Convert -30176523 (base 8) to base 9.
-12857183
Convert -72678 (base 9) to base 16.
-bb46
Convert 47948 (base 11) to base 7.
405142
Convert 858071 (base 12) to base 2.
1000000010101101010101
102203013 (base 4) to base 7
434334
What is 10100100011111000 (base 2) in base 15?
19e46
What is -11182b (base 13) in base 5?
-100402230
-220023544 (base 6) to base 15
-527387
What is 126010 (base 11) in base 5?
22321310
103110323 (base 4) to base 10
79163
What is 11b0538 (base 12) in base 4?
31031213330
What is -1a48298 (base 12) in base 2?
-10101010000001110010100
What is -156656 (base 7) in base 9?
-46722
Convert -1011001 (base 7) to base 15.
-25a14
Convert 41160 (base 15) to base 2.
110010010101101110
What is 20343121 (base 5) in base 4?
221021120
What is 199124 (base 10) in base 11?
126672
-2102100201021 (base 3) to base 4
-10322011030
-20210012011 (base 3) to base 7
-1064230
Convert -1110101111111001 (base 2) to base 15.
-12d74
Convert -636239 (base 10) to base 11.
-3a501a
What is 566ea (base 15) in base 16?
43201
What is 62105 (base 7) in base 11?
1041a
156330 (base 12) to base 13
c94cb
What is -c101 (base 13) in base 5?
-1322114
Convert -263576 (base 9) to base 4.
-213011331
Convert -214450140 (base 6) to base 9.
-7237566
What is 2425120 (base 6) in base 7?
1042401
What is -5094 (base 11) in base 13?
-30cb
4b194 (base 16) to base 9
517852
Convert 112400301 (base 5) to base 3.
222001010022
Convert -4824786 (base 9) to base 11.
-1526627
Convert -cff5 (base 16) to base 5.
-3200422
Convert 1b8056 (base 12) to base 7.
4112646
What is 1000111012221 (base 3) in base 10?
541078
-567382 (base 11) to base 12
-3765b3
What is -13300202 (base 5) in base 12?
-65963
19994b1 (base 12) to base 14
a1439b
Convert -173881a (base 12) to base 16.
-495196
-13021213230 (base 4) to base 10
-1874412
Convert -111101011001111000110 (base 2) to base 9.
-3706068
Convert 23314110 (base 5) to base 4.
310022113
-177869 (base 11) to base 6
-5512014
Convert 100221203 (base 4) to base 8.
205143
10322542 (base 7) to base 13
24a564
What is 1313203303 (base 5) in base 14?
60abb9
Convert 2d2317 (base 16) to base 7.
34100131
745dd (base 15) to base 7
3065260
Convert b9a15 (base 14) to base 11.
287590
What is 111001210 (base 3) in base 12?
5619
-11745 (base 14) to base 12
-20795
What is -24313311 (base 5) in base 7?
-1643145
372b (base 15) to base 8
26735
What is 3560666 (base 8) in base 15?
143e91
Convert 6413108 (base 10) to base 6.
345242152
Convert 165034316 (base 7) to base 10.
11303039
Convert 1886d (base 16) to base 6.
2053033
What is 1812853 (base 9) in base 8?
3671504
What is 3bb4b (base 12) in base 6?
1435335
Convert 166e59 (base 15) to base 11.
682427
What is 2cc903 (base 13) in base 5?
241110311
-17049 (base 12) to base 3
-1200010010
What is 13012232211 (base 4) in base 10?
1862565
-233441121 (base 5) to base 15
-164491
436304 (base 10) to base 5
102430204
Convert 101111010101000010111 (base 2) to base 9.
2823350
Convert -13230655 (base 7) to base 8.
-4512151
Convert 18034 (base 14) to base 2.
1110101111111110
What is 88073 (base 9) in base 10?
58386
What is 3615330 (base 8) in base 10?
989912
Convert -21313303 (base 4) to base 5.
-2243220
2021220212112 (base 3) to base 8
4514352
What is -11017b (base 12) in base 15?
-54e22
Convert 3a3c9 (base 15) to base 12.
8bb09
What is 744030 (base 8) in base 14?
66464
Convert -121183 (base 11) to base 16.
-2ed84
-1371154 (base 8) to base 12
-169664
What is 12411433 (base 5) in base 15?
2657d
What is 56707 (base 16) in base 6?
11331051
1144104010 (base 5) to base 6
134203340
What is -2573171 (base 8) in base 4?
-2233121321
Convert 6e247 (base 15) to base 7.
2662555
20133113300 (base 4) to base 8
10372760
-1430023 (base 6) to base 10
-81663
Convert 2665466 (base 8) to base 16.
b6b36
What is 146b84 (base 13) in base 3?
221102210221
-2738154 (base 10) to base 11
-1600241
What is 482c70 (base 13) in base 6?
100511433
Convert -94248 (base 13) to base 10.
-266235
Convert -28999a3 (base 11) to base 4.
-102332331200
Convert -18283 (base 13) to base 2.
-1011010111110110
Convert -3644140 (base 7) to base 9.
-777571
What is 25cbe (base 16) in base 7?
1213232
Convert -160a29 (base 11) to base 4.
-331010122
What is 75776 (base 9) in base 10?
50208
Convert -612754 (base 8) to base 6.
-4200112
What is -41005 (base 12) in base 9?
-138135
Convert 221132320 (base 4) to base 13.
5c452
Convert 22a4b47 (base 12) to base 4.
121200031213
What is 8c281 (base 13) in base 12?
1038a7
What is -7217125 (base 8) in base 12?
-780419
Convert -578735 (base 9) to base 14.
-9096b
Convert -8047c1 (base 14) to base 7.
-51451331
Convert -242121324 (base 5) to base 16.
-113c75
What is -e3e7c (base 16) in base 5?
-214333000
What is -22505504 (base 7) in base 5?
-1000442013
What is -5b9c37 (base 15) in base 4?
-100233000331
Convert 20200122120022 (base 3) to base 5.
1402240441
What is 16602551 (base 7) in base 9?
3055575
What is 3bd80 (base 16) in base 5?
30320440
Convert -41323030 (base 7) to base 3.
-20112012022221
Convert 185a2c (base 14) to base 10.
860872
-130230142 (base 6) to base 9
-4688668
What is 521017 (base 10) in base 6?
15100041
-22241332 (base 5) to base 15
-3d32c
Convert -825061 (base 9) to base 2.
-1110111011011111110
What is -1279640 (base 10) in base 11?
-7a445a
What is 1524837 (base 9) in base 13?
236b75
1103300333 (base 4) to base 2
1010011110000111111
-179c21 (base 14) to base 3
-1120100202222
Convert -23321131 (base 4) to base 2.
-1011111001011101
Convert -11010001221211 (base 3) to base 2.
-1000010101101111111111
Convert -14db18 (base 14) to base 7.
-6125231
What is -1042013444 (base 5) in base 9?
-4282232
Convert 11539 (base 15) to base 5.
3231204
14535240 (base 6) to base 8
1745050
What is 1505160 (base 7) in base 9?
340120
What is 1403543 (base 6) in base 8?
231427
What is 433441 (base 6) in base 9?
54107
1222002120 (base 3) to base 11
27098
-21b288 (base 12) to base 4
-2003103020
What is 1110101111001111100 (base 2) in base 3?
220112110200
Convert 103f41 (base 16) to base 6.
34453253
What is c586be (base 15) in base 7?
142564130
Convert -4c2279 (base 16) to base 15.
-6885c6
Convert -10100110101110100000 (base 2) to base 5.
-133323122
What is 10d88c (base 14) in base 13?
171a63
What is 76215 (base 9) in base 10?
50477
2232660 (base 7) to base 13
991b3
What is 146a472 (base 12) in base 6?
224215022
What is -3586435 (base 9) in base 8?
-7332242
Convert 41705c (base 13) to base 8.
5652545
Convert -301202 (base 4) to base 7.
-12146
64d1d (base 14) to base 7
2034336
What is -3805657 (base 9) in base 6?
-112215254
Convert aba854 (base 12) to base 2.
1010011011101101000000
Convert 12113430 (base 6) to base 8.
1354232
What is 5174 (base 13) in base 11?
84a7
Convert 13030313333 (base 4) to base 12.
77053b
340210342 (base 5) to base 10
1491347
-11201121120 (base 3) to base 5
-10434110
-130354552 (base 6) to base 16
-26ea24
Convert -7ba930 (base 12) to base 6.
-110342100
What is 20d43 (base 16) in base 10?
134467
Convert 8a9224 (base 11) to base 12.
599509
-30407722 (base 8) to base 2
-11000100000111111010010
Convert -a5b825 (base 12) to base 13.
-705c98
What is 5421520 (base 8) in base 15?
1d9d22
-32aba7 (base 13) to base 5
-301214332
What is -407401 (base 9) in base 3?
-110021110001
Convert -3013411313 (base 5) to base 2.
-10110111000010010001100
Convert 5294 (base 13) to base 3.
120200212
Convert -311544 (base 6) to base 14.
-91b2
Convert -3ab60 (base 14) to base 16.
-23620
Convert 94db4 (base 16) to base 10.
609716
Convert -534265 (base 8) to base 14.
-48ddb
What is -1302254 (base 7) in base 10?
-168893
Convert -21211022 (base 3) to base 14.
-2117
What is 371843 (base 9) in base 14?
5bb50
What is -11101111010111111 (base 2) in base 11?
-84098
Convert -1012220102020 (base 3) to base 8.
-2360747
What is -101001010110110010100010 (base 2) in ba